2 - 122*n - 1020. Give b(-9).
-3
Let t(v) = -v**3 + 78*v**2 - 6*v + 480. Calculate t(78).
12
Let g(h) = -584*h - 1683. Determine g(-3).
69
Let j(i) = 60*i**2 + 174*i. What is j(-3)?
18
Let d(u) = -2*u**2 + 47*u + 10. Give d(21).
115
Let o(k) = 246*k**2 - 34441*k + 144. Determine o(140).
4
Let u(t) = t**3 - 3*t**2 - 44*t + 28. Determine u(8).
-4
Let r(f) = f**3 - 41*f**2 - 95*f - 122. What is r(43)?
-509
Let n(p) = -3*p**3 + 33*p**2 - 2*p - 17. Determine n(11).
-39
Let x(v) = -2*v**3 + 20*v**2 - 22*v + 202. Determine x(10).
-18
Let d(n) = n**3 + 37*n**2 + 295*n - 59. Calculate d(-12).
1
Let p(f) = -18*f - 343. Give p(-19).
-1
Let o(s) = 557*s + 3352. Calculate o(-6).
10
Let q(m) = 849*m + 14328. What is q(-17)?
-105
Let c(z) = 8*z**2 + 134*z - 67. Give c(-17).
-33
Let v(y) = -2*y**2 - 77*y + 91. Give v(-32).
507
Let u(d) = 2*d**3 + 8*d**2 - 85*d + 64. Give u(-9).
19
Let a(i) = -62*i + 939. Determine a(15).
9
Let q(i) = 33*i**2 - 142*i + 10. Give q(4).
-30
Let j(r) = -45*r + 998. What is j(11)?
503
Let o(s) = -s**2 + 8*s + 29. Determine o(15).
-76
Let y(m) = m**2 + 2*m - 365. Give y(20).
75
Let d(o) = o**3 + 38*o**2 - 35*o + 154. Calculate d(-39).
-2
Let s(g) = -433*g - 13067. Determine s(-30).
-77
Let o(q) = 4*q**2 - 23*q - 62. What is o(7)?
-27
Let r(z) = -5*z**2 + 9*z + 22. Determine r(-5).
-148
Let t(l) = 12135*l + 12148. Calculate t(-1).
13
Let v(u) = -u**3 - 5*u**2 - 13*u - 20. Determine v(-2).
-6
Let n(g) = -191*g + 305. Calculate n(2).
-77
Let t(i) = -9*i**2 + 18*i - 8. Determine t(4).
-80
Let m(l) = -24*l**2 + 252*l - 502. Calculate m(2).
-94
Let f(b) = 1717*b + 8579. Determine f(-5).
-6
Let j(q) = q**2 + 30*q - 215. Calculate j(8).
89
Let z(t) = t**2 + 85*t - 4225. Determine z(-120).
-25
Let n(p) = p**3 - 16*p**2 - 83*p + 64. Determine n(20).
4
Let o(g) = -177*g - 32. What is o(-2)?
322
Let p(v) = 136*v**2 - 16*v - 13. Give p(-1).
139
Let t(i) = -2*i**2 - 52*i - 228. What is t(-5)?
-18
Let x(c) = -c**3 + 19*c**2 + 17*c - 371. Give x(19).
-48
Let d(t) = -33*t**2 + 9747*t + 9747. What is d(-1)?
-33
Let w(g) = 12*g**2 - 144*g - 14. Calculate w(12).
-14
Let h(r) = 58*r + 1055. Calculate h(-18).
11
Let s(d) = -4*d**3 - 6*d**2 + 3*d - 31. Calculate s(5).
-666
Let b(o) = -o**3 - 13*o**2 + 16*o + 45. Determine b(-13).
-163
Let p(t) = 102*t**3 - 17*t**2 + 5*t + 3. Calculate p(-2).
-891
Let s(b) = 3261*b + 22842. Determine s(-7).
15
Let y(h) = 3*h**3 + 125*h**2 - 51*h - 376. Determine y(-42).
2
Let t(b) = -5*b**2 + 79*b - 59. Give t(15).
1
Let n(i) = -i**3 + 2*i**2 - 9*i + 17. Determine n(5).
-103
Let r(j) = j**3 - 11*j**2 - 193*j + 10. Give r(20).
-250
Let c(v) = -v**3 - 22*v**2 + 3*v + 140. Calculate c(-22).
74
Let x(h) = -8*h**2 + 344*h + 723. Calculate x(45).
3
Let p(c) = c**3 - 21*c**2 - 30*c - 272. Calculate p(23).
96
Let w(n) = 122*n - 1439. Calculate w(12).
25
Let s(g) = 10*g**2 + 56*g - 55. What is s(1)?
11
Let n(f) = 9*f**2 - 115*f + 555. Calculate n(5).
205
Let t(p) = 10*p**2 + 160*p + 6. Give t(-16).
6
Let n(l) = -7*l**2 + 9*l + 9. Calculate n(7).
-271
Let f(x) = -x**3 - 75*x**2 - 1389*x - 55. Determine f(-33).
44
Let j(w) = 95*w + 2604. Calculate j(-28).
-56
Let q(v) = 5*v**2 - 240*v - 138. Calculate q(51).
627
Let b(d) = d**3 + 56*d**2 + 343*d. What is b(-49)?
0
Let v(y) = 893*y - 2684. What is v(3)?
-5
Let j(l) = -4*l**2 + 43*l - 72. What is j(9)?
-9
Let j(y) = -y**3 - 33*y**2 + 70*y - 36. What is j(-35)?
-36
Let a(v) = 7*v**2 + 147*v + 28. Determine a(-21).
28
Let p(x) = 95*x + 1027. Determine p(-11).
-18
Let c(j) = -79*j - 5871. Determine c(-74).
-25
Let f(c) = -225*c - 1006. Determine f(-5).
119
Let p(g) = -40*g - 1691. Determine p(-32).
-411
Let q(w) = 75*w + 720. Calculate q(-11).
-105
Let d(w) = -83*w - 410. What is d(-5)?
5
Let h(r) = 2*r**3 + 8*r**2 - 86*r + 36. Give h(-9).
0
Let r(s) = 3*s + 122. Determine r(-22).
56
Let r(q) = 219*q + 238. Calculate r(-4).
-638
Let u(a) = 3*a**3 + 23*a**2 - 58*a - 520. Calculate u(-7).
-16
Let s(v) = -888*v - 98570. Determine s(-111).
-2
Let v(b) = -713*b - 12123. What is v(-17)?
-2
Let f(u) = -u**2 + 41*u + 132. Calculate f(-3).
0
Let w(r) = -2*r**2 + 27*r - 29. Calculate w(12).
7
Let t(f) = f**2 + 12*f - 4324. What is t(60)?
-4
Let v(z) = -z**2 + 111*z - 1519. Calculate v(16).
1
Let p(g) = -g**2 - 119*g - 462. Determine p(-115).
-2
Let k(x) = 15*x - 46. Give k(-11).
-211
Let p(w) = -103*w + 300. Determine p(3).
-9
Let v(n) = n**3 + 42*n**2 + 71*n - 116. What is v(-40)?
244
Let m(a) = 44*a**2 - 35*a + 95. Calculate m(3).
386
Let z(n) = -30*n**2 + 29. Give z(4).
-451
Let d(m) = -2*m**2 + 6*m + 172. What is d(17)?
-304
Let m(n) = -794*n - 11891. Determine m(-15).
19
Let o(y) = y**2 + 109*y - 5039. Calculate o(-144).
1
Let s(d) = 10*d - 51. Give s(-11).
-161
Let y(d) = d**3 + 2*d**2 - 92*d - 119. Calculate y(-10).
1
Let y(j) = -2*j**3 + 66*j**2 + 60*j + 176. Determine y(34).
-96
Let y(s) = s**3 - s**2 + 14*s + 45. What is y(-3)?
-33
Let w(o) = o**3 - 8*o**2 - 21*o + 196. Determine w(6).
-2
Let q(j) = 9*j**2 + 212*j - 1920. Determine q(7).
5
Let m(s) = -s**3 - 13*s - 25. Give m(6).
-319
Let c(i) = i**3 + 23*i**2 + 16*i - 129. Give c(-22).
3
Let r(p) = -12*p**3 - 241*p**2 + 235*p + 79. What is r(-21)?
-5
Let r(m) = -216*m**2 - 3*m - 5. Determine r(-1).
-218
Let v(m) = -2*m**3 + 9*m**2 + 22*m - 85. Determine v(5).
0
Let p(o) = o**3 - 45*o**2 + 7*o - 264. Give p(45).
51
Let u(q) = -q**2 - 3*q + 83. Determine u(-11).
-5
Let h(b) = -b - 456. Give h(5).
-461
Let q(h) = 2*h**3 - 18*h**2 - 40*h - 38. Calculate q(11).
6
Let z(l) = 89*l**2 + 4*l - 2. Give z(1).
91
Let q(u) = 29*u**2 - 260*u - 11. What is q(9)?
-2
Let h(v) = -v**2 + 9*v + 61. What is h(8)?
69
Let h(p) = 132*p - 30. Determine h(-1).
-162
Let x(n) = 275*n + 1107. Give x(-4).
7
Let a(s) = 55*s - 532. Give a(10).
18
Let t(i) = i**3 - 125*i**2 + 599*i + 129. Give t(120).
9
Let z(k) = k**3 + 13*k**2 - 41*k - 317. Give z(-14).
61
Let y(j) = -366*j**3 + 3*j**2 + 3*j - 3. What is y(1)?
-363
Let g(q) = -38*q - 545. Determine g(-18).
139
Let n(u) = -u**3 + 3*u**2 - 6*u + 7. What is n(-4)?
143
Let r(c) = -c**2 - 105*c + 643. Determine r(6).
-23
Let r(g) = -2*g**3 + 28*g**2 - 32*g - 210. What is r(12)?
-18
Let h(a) = a**3 - 39*a**2 - 442*a + 70. What is h(48)?
-410
Let h(i) = -123*i + 109. Calculate h(2).
-137
Let a(c) = 71*c - 1358. What is a(19)?
-9
Let o(z) = z**3 + 18*z**2 - 31*z + 146. Calculate o(-20).
-34
Let u(c) = -c**3 + 11*c**2 - 26*c - 8. What is u(7)?
6
Let a(l) = -l**2 + 25*l - 194. Calculate a(21).
-110
Let p(o) = o**2 + 47*o - 320. Calculate p(-53).
-2
Let m(l) = 38*l + 613. Determine m(-16).
5
Let a(d) = 3*d**3 - 159*d**2 + 154*d + 116. Calculate a(52).
12
Let y(w) = -355*w**2 + 6036*w - 27. What is y(17)?
-10
Let n(b) = b**2 + 16*b + 82. Determine n(-11).
27
Let n(d) = 1881*d - 9401. Calculate n(5).
4
Let y(u) = 173*u - 1381. What is y(8)?
3
Let f(z) = 3*z**3 - 12*z**2 - 10. Give f(4).
-10
Let w(u) = -u**3 - 34*u**2 + 316*u + 19. Calculate w(8).
-141
Let a(h) = -587*h + 3513. Calculate a(6).
-9
Let r(d) = -5*d**2 + 13*d - 40. What is r(7)?
-194
Let w(n) = 6*n - 70. Determine w(23).
68
Let z(h) = -862*h - 4306. What is z(-5)?
4
Let h(n) = n**2 + 173*n + 5955. What is h(-46)?
113
Let w(u) = -916*u - 12851. Calculate w(-14).
-27
Let n(s) = 38*s - 292. Give n(14).
240
Let j(z) = -z**2 + 15*z + 49. Give j(23).
-135
Let f(y) = 45*y - 679. Calculate f(15).
-4
Let y(v) = v**2 + 95*v + 1551. Determine y(-17).
225
Let s(m) = 1675*m - 41870. Calculate s(25).
5
Let y(w) = -6*w - 48. What is y(-10)?
12
Let u(j) = 25*j - 236. Give u(13).
89
Let m(n) = 69*n**2 - 5*n - 25. Calculate m(0).
-25
Let k(v) = -4*v + 205. Give k(72).
-83
Let u(j) = -36*j + 155. Determine u(3).
47
Let w(i) = -i**2 + 4*i + 436. What is w(-20)?
-44
Let o(v) = -1179*v + 21220. What is o(18)?
-2
Let h(u) = -68*u**2 - 770*u + 769. Determine h(1).
-69
Let b(y) = -4*y - 28. Determine b(-13).
24
Let r(o) = 14*o**2 + 165*o - 146. Give r(-13).
75
Let t(h) = 19*h**3 - 403*h**2 + 86*h - 45. Calculate t(21).
-3
Let k(s) = 1066*s - 38375. Give k(36).
1
Let z(t) = 8539*t + 34172. What is z(-4)?
16
Let s(l) = l**3 + 29*l**2 - 54*l + 141. What is s(-31)?
-107
Let c(g) = -87*g + 366. What is c(7)?
-243
Let p(v) = -3786*v + 15200. Determine p(4).
56
Let v(n) = -n**2 + 49*n - 595. Giv